r?
False
Let c be (-1525)/(-7) + -1 + 1/7. Let x = 942 + c. Is x prime?
False
Suppose -57476 = -4*h + 2*j, 2*h - 2*j - 39423 = -10685. Is h a prime number?
True
Suppose 0*k + 5 = -k, 0 = -3*v - 4*k + 45331. Is v a composite number?
True
Let y = 17 + -4. Suppose 5*t - 1 = -3*k, -t - 5*k + 0*k = y. Suppose 0 = -3*c + t*c + 797. Is c a composite number?
False
Let y(v) be the third derivative of v**6/30 - 2*v**5/15 - v**4/24 + 3*v**3/2 + 2*v**2 + 3. Is y(7) composite?
True
Suppose 14*m = 12*m - 8. Is (m - -6) + -2 + 1213 prime?
True
Let i(h) be the first derivative of h**4/4 - 7*h**3/3 + 9*h - 2. Let y be i(7). Suppose 4*s = 5*c - 1099, 5*s = -y*c + 4*c + 1135. Is c a composite number?
False
Suppose -10*t = -2717 - 26493. Is t composite?
True
Suppose 16*x = 6*x + 1630. Is x a composite number?
False
Let t be ((-1)/2)/((-6)/(-12)). Let l be (t - 1)/(1/485). Is (-9)/6*l/15 composite?
False
Let o be 2/10 - (-203)/35. Suppose 4*i - o = 2*i. Is 1/i + (-62)/(-3) prime?
False
Let j = -109 + 103. Is 993 + (j - (2 - 6)) prime?
True
Let v(h) = 457*h - 2. Let s = -22 - -25. Is v(s) prime?
False
Let p = -49 - -55. Suppose 0 = p*k - k - 2445. Is k a composite number?
True
Let a(s) = 567*s - 7. Is a(10) a prime number?
False
Let i(h) = 2*h**3 + 2*h**2 - 14*h - 26. Let r be i(12). Suppose -2*s - 3554 = -u - u, 0 = -2*u + 4*s + r. Is u a prime number?
False
Let u(a) = -a**3 + 11*a**2 + 14*a - 20. Let z be u(12). Suppose 2*x - 4*m = 19 + 303, 0 = -z*x + m + 651. Is x a prime number?
True
Let h be (8/10)/((-20)/(-50)). Suppose 0 = h*i + i - 57. Is i prime?
True
Suppose -7*x + 33 = -6*x. Suppose 5*s = 2*w + 2*w - x, 2*s + 2 = -4*w. Is (388/6)/(w/15) composite?
True
Let t = -2588 + 4605. Is t composite?
False
Let l(r) = -6*r + 11. Let k be l(-7). Suppose 2*p - k = p. Is p a prime number?
True
Let s(u) = 2*u**2 + u + 5. Let a(b) = b**2 - b - 1. Let r(o) = 2*o**2 + 9*o + 5. Let c be r(-4). Let f(w) = c*s(w) + 2*a(w). Is f(8) prime?
True
Let o(v) = -9*v**3 + 31*v**2 + 21*v - 54. Is o(-23) composite?
True
Let k(o) = -1922*o - 145. Is k(-9) a composite number?
True
Suppose t - 333 = 465. Suppose 3*g - t = 3*y, 5*y - 84 = 2*g - 625. Is g a prime number?
True
Let y = 19 + -16. Suppose 3*x - m + 400 = 5*x, -4*x - y*m = -796. Suppose -811 = -4*l + o, l + o = 2*l - x. Is l a prime number?
False
Let z(h) = -h**3 - 7*h**2 - 3*h + 6. Let i(a) = -2*a**3 + 5*a**2 - 4*a - 1. Let m be i(2). Let j be z(m). Is j/((-15)/(-9) + -2) prime?
False
Suppose -499286 = w - 32*w. Is w composite?
True
Let m be (-4 - -1)/((-2)/(2/1)). Suppose b = -m*b + 652. Is b composite?
False
Suppose -17*y = -7709 - 2270. Suppose -a + 3*h + 2*h + 133 = 0, y = 5*a + h. Is a prime?
False
Let w(j) = 2*j - 2. Let p be w(2). Let s(i) = 1 - 4 + 9*i + 39*i. Is s(p) prime?
False
Suppose -321*j = -322*j + 8335. Is j a prime number?
False
Suppose -x - 2589 = f + 3*f, 4*f = -2*x - 5166. Let c = -1436 - x. Is c a composite number?
True
Let u(m) = -38*m - 42*m + 7 - 34*m + 18*m. Is u(-6) prime?
False
Let h(r) = 12*r - 15. Let m be h(2). Is (-3)/(9/(-10569)) - (5 - m) a prime number?
True
Let a = 21 + -19. Is 760/a - 2/2 prime?
True
Let u(w) = -w**3 + 9*w**2 - 9*w - 7. Let y be u(7). Suppose 5*h = q + 24, 0 = h - 4*q - y + 8. Suppose 5*v = -5*l + 395, -2*l = -h*v + l + 281. Is v prime?
False
Let b be 1/(98/(-48) + 2). Let v be 11/3 - b/(-36). Suppose c = v*c - 102. Is c a composite number?
True
Let u = 53 + -32. Let y(c) = -1 - 5 - 9 + u*c - 5. Is y(6) prime?
False
Is (-1)/(-3 + (-41552)/(-13852)) prime?
True
Let s(r) = 557*r - 268. Is s(33) a composite number?
True
Let g(j) be the first derivative of -493*j**2/2 - 7*j - 8. Let f be g(3). Is ((-3)/3)/(2/f) composite?
False
Suppose 0*b = 5*b - 7665. Suppose -5*c + 20 = 0, c - 4*c = -5*j + b. Suppose -5*m = -2*m - j. Is m composite?
False
Let u be (-4)/(16/(-60)) + 1. Suppose -18*z + u*z = -7342. Is z prime?
True
Is 6 - (17 - 4) - -5340 a composite number?
False
Suppose -9470 = -7*u + 2528. Is u a composite number?
True
Suppose -39775 = -3*n + 2*j, 166*n + 53031 = 170*n - 5*j. Is n a composite number?
False
Let k = 9504 + 3004. Suppose 7*h = 3*h + k. Is h a prime number?
False
Suppose -5*m = -3*m + 5*x + 12, m - 12 = 2*x. Suppose 7*q - 966 = -7*q. Suppose 3*o + m*f = 143, 2*o + 4*f - 21 = q. Is o composite?
False
Suppose 7*v + 29304 = 76421. Is v a prime number?
False
Suppose 50 = -s + 536. Let y = s + -329. Is y composite?
False
Let q(c) = c**3 - 1. Let v be q(1). Suppose 1980 = -0*z + 5*z - 3*m, 4*z - 4*m - 1592 = v. Is z composite?
True
Let q(o) = -2*o**3 - o**2 + o**3 - 3*o - 2*o**2 - 6. Is q(-5) prime?
True
Suppose r = 3*x + 2*r - 16, r + 12 = x. Let p = x - 7. Suppose 2*i + 27 = 5*b - 2*i, i + 3 = p. Is b a prime number?
True
Let t = -73 - -111. Let f be (-6 - -1)/(1/t). Let o = 269 + f. Is o a prime number?
True
Suppose i + 10 + 5 = -3*k, k + 5 = -i. Suppose w + i*w = 979. Is w a prime number?
False
Let t be ((-32)/48)/(2/(-6)). Is 16772/77 + t/11 composite?
True
Suppose 5*q + 104*q - 3071729 = 0. Is q a prime number?
True
Suppose 2*b - b = 1. Let p be (b + 4)*(-14)/(-35). Suppose 45 = 5*s - p*s. Is s a composite number?
True
Is -18 + 15 - (-15937 + (0 - 1)) composite?
True
Suppose -4*f - 125 = -5*f. Suppose f = 3*i - 364. Is i a composite number?
False
Let k(w) = 98*w + 19. Let s be k(-11). Let m = s + 2126. Is m a composite number?
True
Let j be 2 - ((-12)/4)/1. Suppose j*i - 5 - 15 = 0. Is 3/((-6)/i) + 309 prime?
True
Let m = 111 - 110. Is 6197/((13/(-26))/(m/(-2))) prime?
True
Let v = 18 + -18. Let w be 0/(v + 4/(-2)). Suppose -4*x = 20, 3*i + x - 244 - 324 = w. Is i a prime number?
True
Let j = 2235 - 1582. Is 2/(-1) + j + -2 prime?
False
Suppose -2*y = -4*y + 2708. Is y prime?
False
Suppose 0 = 152*o - 159*o + 666085. Is o prime?
False
Let s be 17/(-68) + 2/8. Suppose s = -3*f + 232 + 155. Let h = f + -14. Is h a composite number?
True
Suppose -7*o + 4*o = -15. Let p(q) = 5*q + 8*q**2 + 3*q**2 + 0*q**2 - o. Is p(2) prime?
False
Suppose 2635 = -z - 3*v, -z - 3*z = 3*v + 10513. Let o = -1120 - z. Suppose y - 7*y = -o. Is y composite?
False
Is (3/9*-1)/1*-5793 a prime number?
True
Suppose -r + l = -57728, 20*r + 173178 = 23*r - 5*l. Is r prime?
True
Let k(w) = -465*w**2 + 2*w + 1. Let v be k(-2). Let p = v - -3054. Suppose 639 + p = 6*a. Is a a prime number?
False
Suppose -4*b + n - 4*n = -73, 3*b = n + 45. Let q = -699 - -2958. Suppose b*r + q = 19*r. Is r prime?
False
Suppose 857803 - 5824630 = -69*c. Is c prime?
True
Let u(d) = 85*d - 10. Let s be u(10). Suppose -s = 11*a - 5*a. Let k = a - -345. Is k a composite number?
True
Suppose 3*s - 486 - 4236 = 0. Is s a prime number?
False
Suppose -3*j - 4418 = -y, -2*j = 4*y - 19734 + 2104. Is y a prime number?
True
Let c be (-3)/1 - ((-48)/(-8) - 2497). Suppose c + 1358 = 6*d. Is d composite?
False
Let b(x) = -53*x**3 + 1 + 152*x**3 - 2*x + 50*x**3. Is b(2) prime?
False
Suppose 12*t - 1080 = -3*t. Let v = 1252 - 814. Suppose 2*g - v + t = 0. Is g a composite number?
True
Suppose 22 + 3 = 5*p. Suppose 3*f = -5*g + 1058, 2*g = p*g - 4*f - 629. Is g a prime number?
True
Let u = 400 - 23. Is u prime?
False
Suppose -7882 = -3*x - 5*d, -2*x - 3*d - 1244 = -6499. Suppose -1297 = -w + 3*z + z, x = 2*w - z. Is w composite?
True
Let p = -326 - -16. Let u = p + 671. Suppose 5*n - 4*t - 458 = 0, -n - 3*n + 5*t + u = 0. Is n composite?
True
Suppose 0*q - 39 = -q. Suppose 111 = 3*c - 4*i, -i = -c + i + q. Is c prime?
False
Let o be -2 + 1 - 4 - -1. Let k be 2*(0 + 0 - o). Is 15105/60 - 6/k a prime number?
True
Let j(h) = -28*h + 167. Is j(-39) a composite number?
False
Let d = 40723 + -19668. Is d a composite number?
True
Let p(l) = 2*l**2 - 6*l - 4. Suppose 3*g - g + 20 = 0. Let u be p(g). Is -4 + -2 + 1 + u composite?
False
Suppose 7*h - 28144 = -9*h. Is h composite?
False
Let r be 1/3 + (-341)/(-93). Suppose 490 = -r*w + 2574. Is w prime?
True
Suppose 5*y = -4*m + 28, -6*m = -3*y - 3*m + 6. Let q be ((-745)/(-7) + -1)*42. Suppose -5*n = -n + y*h - 5936, -3*n = -5*h - q. Is n a composite number?
False
Let y = 207 + 700. Is y a composite number?
False
Suppose 5*k - 31 = -11. Let j be k/1 - (-2 + 3). Suppose 0 = -j*p - 3*z + 2241, p + 188 - 915 = 4*z. Is p composite?
False
Let d(l) = l - 23. Let b be d(8). Is b/75 + (-19732)/(-